{"id":5557,"date":"2026-03-16T09:29:12","date_gmt":"2026-03-16T08:29:12","guid":{"rendered":"https:\/\/acmne.ch\/site\/?page_id=5557"},"modified":"2026-03-20T00:11:09","modified_gmt":"2026-03-19T23:11:09","slug":"eid26","status":"publish","type":"page","link":"https:\/\/acmne.ch\/site\/eid26\/","title":{"rendered":"Pri\u00e8re Eid Al Fitre 2026\/1447"},"content":{"rendered":"<p><img loading=\"lazy\" decoding=\"async\" class=\"size-full wp-image-2051 aligncenter\" src=\"https:\/\/acmne.ch\/site\/wp-content\/uploads\/2020\/05\/fermer.jpg\" alt=\"fermer\" width=\"270\" height=\"203\" \/><\/p>\n<p style=\"text-align: center;\"><span style=\"color: #ff0000;\">Il n&rsquo;y a plus de place disponible pour assister aux pri\u00e8res<\/span><\/p>\n<p style=\"text-align: center;\"><span style=\"color: #000000;\">Ne faites pas un rassemblement devant la mosqu\u00e9e et respecter les directives s&rsquo;il vous pla\u00eet<\/span><\/p>\n<p style=\"text-align: center;\"><span style=\"color: #000000;\">Merci pour votre compr\u00e9hension<\/span><\/p>\n<p style=\"text-align: center;\"><span style=\"color: #ff0000;\">\u0644\u0627 \u064a\u0648\u062c\u062f \u0627\u0645\u0627\u0643\u0646 \u0623\u062e\u0631\u0649 \u0645\u062a\u0627\u062d\u0629 \u0644\u062d\u0636\u0648\u0631\u00a0<\/span><\/p>\n<p style=\"text-align: center;\"><span style=\"color: #ff0000;\">\u064a\u0631\u062c\u0627\u0621 \u0627\u062d\u062a\u0631\u0627\u0645 \u0627\u0644\u062a\u0639\u0644\u064a\u0645\u0627\u062a \u0648 \u0639\u062f\u0645 \u0627\u0644\u062a\u062c\u0645\u0639 \u0627\u0645\u0627\u0645 \u0627\u0644\u0645\u0633\u062c\u062f<\/span><\/p>\n<p style=\"text-align: center;\"><span style=\"color: #ff0000;\">\u0634\u0643\u0631\u0627 \u0644\u062d\u0633\u0646 \u062a\u0641\u0647\u0645\u0643\u0645<\/span><\/p>\n<p style=\"text-align: center;\"><span style=\"color: #ff0000;\">Le nombre de places de stationnement disponibles est strictement limit\u00e9<\/span><\/p>\n<p style=\"text-align: center;\"><span style=\"color: #ff0000;\">Nous vous invitons \u00e0 privil\u00e9gier l&rsquo;utilisation des transports en commun<\/span><\/p>\n<p style=\"text-align: center;\"><span style=\"color: #ff0000;\">Nous vous prions de bien vouloir lib\u00e9rer l&rsquo;espace d\u00e8s la fin de votre pri\u00e8re afin de permettre son utilisation par les personnes suivantes<\/span><\/p>\n","protected":false},"excerpt":{"rendered":"<p>Il n&rsquo;y a plus de place disponible pour assister aux pri\u00e8res Ne faites pas un rassemblement devant la mosqu\u00e9e et respecter les directives s&rsquo;il vous pla\u00eet Merci pour votre compr\u00e9hension \u0644\u0627 \u064a\u0648\u062c\u062f \u0627\u0645\u0627\u0643\u0646 \u0623\u062e\u0631\u0649 \u0645\u062a\u0627\u062d\u0629 \u0644\u062d\u0636\u0648\u0631\u00a0 \u064a\u0631\u062c\u0627\u0621 \u0627\u062d\u062a\u0631\u0627\u0645 \u0627\u0644\u062a\u0639\u0644\u064a\u0645\u0627\u062a \u0648 \u0639\u062f\u0645 \u0627\u0644\u062a\u062c\u0645\u0639 \u0627\u0645\u0627\u0645 \u0627\u0644\u0645\u0633\u062c\u062f \u0634\u0643\u0631\u0627 \u0644\u062d\u0633\u0646 \u062a\u0641\u0647\u0645\u0643\u0645 Le nombre de places de stationnement disponibles est [&hellip;]<\/p>\n","protected":false},"author":3,"featured_media":0,"parent":0,"menu_order":0,"comment_status":"closed","ping_status":"closed","template":"","meta":{"footnotes":""},"class_list":["post-5557","page","type-page","status-publish","hentry"],"_links":{"self":[{"href":"https:\/\/acmne.ch\/site\/wp-json\/wp\/v2\/pages\/5557","targetHints":{"allow":["GET"]}}],"collection":[{"href":"https:\/\/acmne.ch\/site\/wp-json\/wp\/v2\/pages"}],"about":[{"href":"https:\/\/acmne.ch\/site\/wp-json\/wp\/v2\/types\/page"}],"author":[{"embeddable":true,"href":"https:\/\/acmne.ch\/site\/wp-json\/wp\/v2\/users\/3"}],"replies":[{"embeddable":true,"href":"https:\/\/acmne.ch\/site\/wp-json\/wp\/v2\/comments?post=5557"}],"version-history":[{"count":11,"href":"https:\/\/acmne.ch\/site\/wp-json\/wp\/v2\/pages\/5557\/revisions"}],"predecessor-version":[{"id":5597,"href":"https:\/\/acmne.ch\/site\/wp-json\/wp\/v2\/pages\/5557\/revisions\/5597"}],"wp:attachment":[{"href":"https:\/\/acmne.ch\/site\/wp-json\/wp\/v2\/media?parent=5557"}],"curies":[{"name":"wp","href":"https:\/\/api.w.org\/{rel}","templated":true}]}}

Prière Eid Al Fitre 2026/1447

<p><img loading="lazy" decoding="async" class="size-full wp-image-2051 aligncenter" src="https://acmne.ch/site/wp-content/uploads/2020/05/fermer.jpg" alt="fermer" width="270" height="203" /></p>
<p style="text-align: center;"><span style="color: #ff0000;">Il n&rsquo;y a plus de place disponible pour assister aux prières</span></p>
<p style="text-align: center;"><span style="color: #000000;">Ne faites pas un rassemblement devant la mosquée et respecter les directives s&rsquo;il vous plaît</span></p>
<p style="text-align: center;"><span style="color: #000000;">Merci pour votre compréhension</span></p>
<p style="text-align: center;"><span style="color: #ff0000;">لا يوجد اماكن أخرى متاحة لحضور </span></p>
<p style="text-align: center;"><span style="color: #ff0000;">يرجاء احترام التعليمات و عدم التجمع امام المسجد</span></p>
<p style="text-align: center;"><span style="color: #ff0000;">شكرا لحسن تفهمكم</span></p>
<p style="text-align: center;"><span style="color: #ff0000;">Le nombre de places de stationnement disponibles est strictement limité</span></p>
<p style="text-align: center;"><span style="color: #ff0000;">Nous vous invitons à privilégier l&rsquo;utilisation des transports en commun</span></p>
<p style="text-align: center;"><span style="color: #ff0000;">Nous vous prions de bien vouloir libérer l&rsquo;espace dès la fin de votre prière afin de permettre son utilisation par les personnes suivantes</span></p>

<p>Il n&rsquo;y a plus de place disponible pour assister aux prières Ne faites pas un rassemblement devant la mosquée et respecter les directives s&rsquo;il vous plaît Merci pour votre compréhension لا يوجد اماكن أخرى متاحة لحضور  يرجاء احترام التعليمات و عدم التجمع امام المسجد شكرا لحسن تفهمكم Le nombre de places de stationnement disponibles est [&hellip;]</p>
